{"id":9,"date":"2016-05-13T08:29:06","date_gmt":"2016-05-13T08:29:06","guid":{"rendered":"http:\/\/isoliertechnik-imeri.de\/?page_id=9"},"modified":"2019-10-15T13:39:27","modified_gmt":"2019-10-15T11:39:27","slug":"kontakt-impressum","status":"publish","type":"page","link":"https:\/\/isoliertechnik-imeri.de\/?page_id=9","title":{"rendered":"Datenschutz"},"content":{"rendered":"<div id=\"r5002\" class=\"row designRow\">\n<div class=\"container container-fluid\">\n<div class=\"col col-sm-12\">\n<div id=\"r2276\" class=\"row \" data-req=\"\">\n<div class=\"container container-fixed\">\n<div class=\"col col-sm-12\">\n<div class=\"module text\">\n<h1 class=\"headline\">Datenschutz<\/h1>\n<p>Datenschutzhinweis<\/p>\n<p>F\u00fcr uns als Betreiber dieser Website ist der Schutz Ihrer personenbezogenen Daten ein wichtiges Anliegen. Daher erheben, verarbeiten und nutzen wir Ihre personenbezogenen Daten unter Ber\u00fccksichtigung der einschl\u00e4gigen datenschutzrechtlichen Regelungen, insbesondere der Vorgaben des Bundesdatenschutzgesetzes (BDSG) sowie des Telemediengesetzes (TMG).<\/p>\n<p>Nachfolgend m\u00f6chten wir Ihnen einen \u00dcberblick geben, wie wir den Schutz Ihrer personenbezogenen Daten gew\u00e4hrleisten und welche Arten von personenbezogenen Daten wir zu welchen Zwecken und in welchem Umfang erheben, verarbeiten und nutzen.<\/p>\n<p>1. Personenbezogene Daten<\/p>\n<p>Personenbezogene Daten sind Einzelangaben \u00fcber pers\u00f6nliche oder sachliche Verh\u00e4ltnisse einer bestimmten oder bestimmbaren nat\u00fcrlichen Person. Dazu geh\u00f6ren zum Beispiel Ihr Name, Ihre Anschrift sowie Ihre Telefonnummer oder E-Mail-Adresse.<\/p>\n<p>Zu den personenbezogenen Daten z\u00e4hlen auch Informationen \u00fcber Ihre Nutzung unserer Webseite. Dazu geh\u00f6ren z. B. Verbindungsdaten oder von Ihnen abgerufene Quellen. Diese Angaben werden in der Regel durch die Verwendung von Logfiles und Cookies erhoben. N\u00e4here Informationen erhalten Sie im Folgenden.<\/p>\n<p>2. Erhebung, Verarbeitung und Nutzung von Daten \u2013 Angebote unserer Webseite<\/p>\n<p>Bei Nutzung der Webseite fallen Logfiledaten an, die wir umgehend pseudonymisieren bzw. l\u00f6schen. Sofern Sie uns eine Anfrage per E-Mail oder \u00fcber das Kontaktformular zukommen lassen, erheben wir Ihre mitgeteilten Daten f\u00fcr die Bearbeitung Ihrer Anfrage und werden ggf. Ihren ge\u00e4u\u00dferten W\u00fcnschen nachkommen.<\/p>\n<p>Eine weitere Verwendung Ihrer Daten durch uns oder weitere Unternehmen \u00fcber diesen Zweck hinaus erfolgt mit Ausnahme der nachfolgend dargestellten Verwendung durch uns nicht, sofern nicht ein gesetzlicher Erlaubnistatbestand vorliegt oder Sie eine entsprechende Einwilligung erteilt haben.<\/p>\n<p>Wenn Sie Dienstleistungen in Anspruch nehmen, die auf unserer Website angeboten werden, k\u00f6nnen wir weitergehende personenbezogene Daten von Ihnen erheben. Diese verarbeiten wir, soweit es f\u00fcr die Erbringung der von Ihnen gew\u00fcnschten Leistungen erforderlich ist. Daneben k\u00f6nnen Sie auf freiwilliger Basis weitere personenbezogene Daten anlegen. Ihre Daten werden von uns vertraulich behandelt und im Rahmen der gesetzlichen Bestimmungen gel\u00f6scht bzw. gesperrt.<\/p>\n<p>3. Bereitstellung von Informationen zu unseren Produkten<\/p>\n<p>Falls Sie uns Ihre Kontaktdaten im Rahmen eines Vertragsschlusses mitteilen, k\u00f6nnen wir \u2013 bis zu Ihrem Widerspruch \u2013 Ihren Namen und Anschrift f\u00fcr Werbezwecke verwenden.<\/p>\n<p>4. Sicherheitshinweise<\/p>\n<p>Wir treffen auf unseren Seiten technische und betriebliche Sicherheitsvorkehrungen, um die bei uns gespeicherten personenbezogenen Daten vor einem Zugriff durch Dritte, einem Verlust oder Missbrauch zu sch\u00fctzen und einen gesicherten Datentransfer zu erm\u00f6glichen.<\/p>\n<p>Wir m\u00fcssen Sie darauf hinweisen, dass es aufgrund der Struktur des Internets zu einem ungewollten Datenzugriff durch Dritte kommen kann. Es liegt daher auch in Ihrem Verantwortungsbereich, ihre Daten durch Verschl\u00fcsselung oder in sonstiger Weise gegen Missbrauch zu sch\u00fctzen. Ohne entsprechende Schutzma\u00dfnahmen k\u00f6nnen insbesondere unverschl\u00fcsselt \u00fcbertragene Daten, gerade wenn dies per E-Mail erfolgt, von Dritten mitgelesen werden.<\/p>\n<p>5. Einsatz von Cookies<\/p>\n<p>Unsere Webseite verwendet an mehreren Stellen sogenannte Cookies. Cookies sind kleine Textdateien, die auf Ihrem Rechner abgelegt werden und die Ihr Browser speichert. Sie dienen dazu, unsere Angebote nutzerfreundlicher, effektiver und sicherer zu machen. Wir verwenden sowohl sogenannte tempor\u00e4re Cookies, die mit dem Schlie\u00dfen Ihres Browsers automatisch gel\u00f6scht werden (\u201eSession Cookies\u201c), als auch persistente (dauerhafte) Cookies. Dadurch m\u00f6chten wir unser Angebot f\u00fcr Sie kontinuierlich verbessern. Die mit Hilfe dieser Cookies gesammelten Informationen werden zu statistischen Zwecken ausgewertet. Weitere Informationen zu den von uns eingesetzten Cookies und den damit zusammenh\u00e4ngenden Datenverarbeitungsprozessen erhalten Sie weiter unten.<\/p>\n<p>Sie haben die Wahl, ob Sie das Setzen von Cookies zulassen m\u00f6chten. \u00c4nderungen k\u00f6nnen Sie in Ihren Browsereinstellungen vornehmen. Sie haben grunds\u00e4tzlich die Wahl, ob Sie alle Cookies akzeptieren, beim Setzen von Cookies informiert werden oder alle Cookies ablehnen wollen. Sofern Sie sich f\u00fcr die letzte Variante entscheiden, ist es m\u00f6glich, dass Sie unser Angebot nicht vollst\u00e4ndig nutzen k\u00f6nnen.<\/p>\n<p>6. Tracking durch Google Analytics<\/p>\n<p>Diese Website nutzt Google Analytics, einen Webanalysedienst der Google Inc. (\u201eGoogle\u201c). Google Analytics verwendet sog. \u201eCookies\u201c, Textdateien, die auf Ihrem Computer gespeichert werden und die eine Analyse der Benutzung der Website durch Sie erm\u00f6glichen. Die durch den Cookie erzeugten Informationen \u00fcber Ihre Benutzung dieser Website werden in der Regel an einen Server von Google in den USA \u00fcbertragen und dort gespeichert. Aufgrund der Aktivierung der IP-Anonymisierung auf dieser Webseite wird Ihre IP-Adresse von Google jedoch innerhalb von Mitgliedstaaten der Europ\u00e4ischen Union oder in anderen Vertragsstaaten des Abkommens \u00fcber den Europ\u00e4ischen Wirtschaftsraum zuvor gek\u00fcrzt. Nur in Ausnahmef\u00e4llen wird die volle IP-Adresse an einen Server von Google in den USA \u00fcbertragen und dort gek\u00fcrzt. Im unserem Auftrag wird Google diese Informationen benutzen, um Ihre Nutzung der Website auszuwerten, um Reports \u00fcber die Websiteaktivit\u00e4ten zusammenzustellen und um weitere mit der Websitenutzung und der Internetnutzung verbundene Dienstleistungen gegen\u00fcber uns zu erbringen. Die im Rahmen von Google Analytics von Ihrem Browser \u00fcbermittelte IP-Adresse wird nicht mit anderen Daten von Google zusammengef\u00fchrt.<\/p>\n<p>Sie k\u00f6nnen die Speicherung der Cookies durch eine entsprechende Einstellung Ihrer Browser-Software verhindern; wir weisen Sie jedoch darauf hin, dass Sie in diesem Fall gegebenenfalls nicht s\u00e4mtliche Funktionen dieser Website vollumf\u00e4nglich werden nutzen k\u00f6nnen. Sie k\u00f6nnen dar\u00fcber hinaus die Erfassung der durch das Cookie erzeugten und auf Ihre Nutzung der Website bezogenen Daten (inkl. Ihrer IP-Adresse) an Google sowie die Verarbeitung dieser Daten durch Google verhindern, indem sie das unter dem folgenden Link verf\u00fcgbare Browser-Plugin herunterladen und installieren <a href=\"http:\/\/tools.google.com\/dlpage\/gaoptout?hl=de\" data-track-event=\"click\" data-track-action=\"link_clicked\">http:\/\/tools.google.com\/dlpage\/gaoptout?hl=de<\/a><\/p>\n<p>N\u00e4here Informationen hierzu finden Sie auch unter <a href=\"http:\/\/tools.google.com\/dlpage\/gaoptout?hl=de\" data-track-event=\"click\" data-track-action=\"link_clicked\">http:\/\/tools.google.com\/dlpage\/gaoptout?hl=de<\/a> bzw. unter <a href=\"https:\/\/www.google.de\/intl\/de\/policies\/privacy\/\" data-track-event=\"click\" data-track-action=\"link_clicked\">https:\/\/www.google.de\/intl\/de\/policies\/privacy\/<\/a> (allgemeine Informationen zu Google Analytics und Datenschutz).<\/p>\n<p>7. Einsatz von Social Plugins<\/p>\n<p>Unsere Webseite verwendet Social Plugins (\u201ePlugins\u201c) verschiedener sozialer Netzwerke wie zum Beispiel Facebook.com, Twitter.com, Google+ und Pinterest. Diese Plugins sind an dem jeweiligen Logo im Netzwerk zu erkennen. Wir setzen eine 2-Klick-L\u00f6sung ein, so dass bei dem blo\u00dfen Besuch der Website keine Daten\u00fcbertragung stattfindet.<\/p>\n<p>Erst wenn Sie auf ein solches Plugin klicken, baut Ihr Browser eine direkte Verbindung mit den Servern des jeweiligen Netzwerkes auf. Der Inhalt des Plugins wird durch das Netzwerk direkt an Ihren Browser \u00fcbermittelt und von diesem in die Webseite eingebunden. Sofern diese Netzwerke ihren Sitz au\u00dferhalb der EU bzw. des EWR haben, k\u00f6nnen wir daher nicht ausschlie\u00dfen, dass Ihre Daten an einen Server au\u00dferhalb der EU\/des EWR \u00fcbertragen und dort verarbeitet werden. Wir haben keinen Einfluss auf den Umfang der Daten, die das jeweilige Netzwerk mit Hilfe dieses Plugins erhebt und informieren Sie daher entsprechend unseres Kenntnisstandes:<\/p>\n<p>Durch die Einbindung des Plugins erh\u00e4lt das jeweilige Netzwerk die Information, dass Sie die entsprechende Seite unseres Internetauftritts aufgerufen haben. Sind Sie bei einem der Netzwerke eingeloggt, kann dieses Netzwerk diese Information Ihrem Profil zuordnen. Wenn Sie nicht m\u00f6chten, dass das Netzwerk Informationen \u00fcber Ihren Besuch unseres Internetauftritts erhebt, m\u00fcssen Sie sich daher vorher ausloggen. Es besteht allerdings grunds\u00e4tzlich die M\u00f6glichkeit, dass das Netzwerk Ihre IP-Adresse in Erfahrung bringt und speichert, obwohl Sie sich dort nicht registriert haben bzw. nicht eingeloggt sind.<\/p>\n<p>Zweck und Umfang der Datenerhebung und die weitere Verarbeitung und Nutzung Ihrer Daten sowie Ihre diesbez\u00fcglichen Rechte und Einstellungsm\u00f6glichkeiten zum Schutz Ihrer Privatsph\u00e4re entnehmen Sie bitte den Datenschutzhinweisen der jeweiligen sozialen Netzwerke:<\/p>\n<p>\u2022 Facebook: <a href=\"http:\/\/www.facebook.com\/policy.php\" data-track-event=\"click\" data-track-action=\"link_clicked\">http:\/\/www.facebook.com\/policy.php<\/a><br \/>\n\u2022 Twitter: <a href=\"https:\/\/twitter.com\/privacy?lang=de\" data-track-event=\"click\" data-track-action=\"link_clicked\">https:\/\/twitter.com\/privacy?lang=de<\/a><br \/>\n\u2022 Google+: <a href=\"http:\/\/www.google.de\/intl\/de\/policies\/privacy\/\" data-track-event=\"click\" data-track-action=\"link_clicked\">http:\/\/www.google.de\/intl\/de\/policies\/privacy\/<\/a><br \/>\n\u2022 Pinterest: <a href=\"https:\/\/about.pinterest.com\/de\/privacy-policy\" data-track-event=\"click\" data-track-action=\"link_clicked\">https:\/\/about.pinterest.com\/de\/privacy-policy<\/a><\/p>\n<\/div>\n<\/div>\n<\/div>\n<\/div>\n<\/div>\n<\/div>\n<\/div>\n","protected":false},"excerpt":{"rendered":"<p>Datenschutz Datenschutzhinweis F\u00fcr uns als Betreiber dieser Website ist der Schutz Ihrer personenbezogenen Daten ein wichtiges Anliegen. Daher erheben, verarbeiten und nutzen wir Ihre personenbezogenen Daten unter Ber\u00fccksichtigung der einschl\u00e4gigen datenschutzrechtlichen Regelungen, insbesondere der Vorgaben des Bundesdatenschutzgesetzes (BDSG) sowie des Telemediengesetzes (TMG). Nachfolgend m\u00f6chten wir Ihnen einen \u00dcberblick geben, wie wir den Schutz Ihrer personenbezogenen &hellip; <a href=\"https:\/\/isoliertechnik-imeri.de\/?page_id=9\" class=\"more-link\"><span class=\"screen-reader-text\">\u201eDatenschutz\u201c<\/span> weiterlesen<\/a><\/p>\n","protected":false},"author":1,"featured_media":0,"parent":0,"menu_order":0,"comment_status":"closed","ping_status":"closed","template":"","meta":{"footnotes":""},"_links":{"self":[{"href":"https:\/\/isoliertechnik-imeri.de\/index.php?rest_route=\/wp\/v2\/pages\/9"}],"collection":[{"href":"https:\/\/isoliertechnik-imeri.de\/index.php?rest_route=\/wp\/v2\/pages"}],"about":[{"href":"https:\/\/isoliertechnik-imeri.de\/index.php?rest_route=\/wp\/v2\/types\/page"}],"author":[{"embeddable":true,"href":"https:\/\/isoliertechnik-imeri.de\/index.php?rest_route=\/wp\/v2\/users\/1"}],"replies":[{"embeddable":true,"href":"https:\/\/isoliertechnik-imeri.de\/index.php?rest_route=%2Fwp%2Fv2%2Fcomments&post=9"}],"version-history":[{"count":3,"href":"https:\/\/isoliertechnik-imeri.de\/index.php?rest_route=\/wp\/v2\/pages\/9\/revisions"}],"predecessor-version":[{"id":191,"href":"https:\/\/isoliertechnik-imeri.de\/index.php?rest_route=\/wp\/v2\/pages\/9\/revisions\/191"}],"wp:attachment":[{"href":"https:\/\/isoliertechnik-imeri.de\/index.php?rest_route=%2Fwp%2Fv2%2Fmedia&parent=9"}],"curies":[{"name":"wp","href":"https:\/\/api.w.org\/{rel}","templated":true}]}}